{"id":60,"date":"2023-07-19T05:55:16","date_gmt":"2023-07-19T05:55:16","guid":{"rendered":"https:\/\/ieeechile.cl\/dec1\/?page_id=60"},"modified":"2023-07-19T05:55:59","modified_gmt":"2023-07-19T05:55:59","slug":"microgrids-research-overview-dr-claudio-canizares","status":"publish","type":"page","link":"https:\/\/ieeechile.cl\/dec1\/microgrids-research-overview-dr-claudio-canizares\/","title":{"rendered":"Microgrids Research Overview &#8211; Dr. Claudio Ca\u00f1izares"},"content":{"rendered":"<p>Les invitamos a la charla \u201cMicrogrids Research Overview\u201d que realizar\u00e1 el docente e investigador Dr. Claudio Ca\u00f1izares.<\/p>\n<p>En esta ocasi\u00f3n, conocer\u00e1n sobre la visi\u00f3n general de las micro-redes. Se charlar\u00e1 sobre las contribuciones y hallazgos de uno de los principales trabajos de investigaci\u00f3n que Claudio lidera junto a su equipo en la University of Waterloo de Canad\u00e1.<\/p>\n<p><strong>\u00bfCu\u00e1ndo?<\/strong><br \/>\nEste jueves 27 de abril de 12:00 a 13:30hrs.<\/p>\n<p><strong>\u00bfD\u00f3nde?<\/strong><br \/>\nEn la sala 4-5 de la EIE PUCV, Av. Brasil 2147, Valpara\u00edso.<\/p>\n<p>Tambi\u00e9n transmitiremos en vivo a trav\u00e9s del Instagram @eie.pucv<\/p>\n<p><strong>Inscr\u00edbete en el siguiente link<\/strong><br \/>\n<a href=\"https:\/\/docs.google.com\/forms\/d\/e\/1FAIpQLSe_960iZdu4GN5Tf_CbB4Xag-kCsK2_winUpRNgDw_MTCsg2Q\/viewform?usp=sf_link\">https:\/\/docs.google.com\/forms\/d\/e\/1FAIpQLSe_960iZdu4GN5Tf_CbB4Xag-kCsK2_winUpRNgDw_MTCsg2Q\/viewform?usp=sf_link<\/a><\/p>\n<p>\ufe0f\u00a1Te esperamos!<\/p>\n<p><img loading=\"lazy\" decoding=\"async\" class=\"alignnone size-medium wp-image-61\" src=\"https:\/\/ieeechile.cl\/dec1\/wp-content\/uploads\/2023\/07\/Charla_27abr2023-300x300.jpeg\" alt=\"\" width=\"300\" height=\"300\" srcset=\"https:\/\/ieeechile.cl\/dec1\/wp-content\/uploads\/2023\/07\/Charla_27abr2023-300x300.jpeg 300w, https:\/\/ieeechile.cl\/dec1\/wp-content\/uploads\/2023\/07\/Charla_27abr2023-1024x1024.jpeg 1024w, https:\/\/ieeechile.cl\/dec1\/wp-content\/uploads\/2023\/07\/Charla_27abr2023-150x150.jpeg 150w, https:\/\/ieeechile.cl\/dec1\/wp-content\/uploads\/2023\/07\/Charla_27abr2023-768x768.jpeg 768w, https:\/\/ieeechile.cl\/dec1\/wp-content\/uploads\/2023\/07\/Charla_27abr2023.jpeg 1080w\" sizes=\"auto, (max-width: 300px) 100vw, 300px\" \/><\/p>\n","protected":false},"excerpt":{"rendered":"<p>Les invitamos a la charla \u201cMicrogrids Research Overview\u201d que realizar\u00e1 el docente e investigador Dr. Claudio Ca\u00f1izares. En esta ocasi\u00f3n, conocer\u00e1n sobre la visi\u00f3n general de las micro-redes. Se charlar\u00e1 sobre las contribuciones y hallazgos de uno de los principales trabajos de investigaci\u00f3n que Claudio lidera junto a su equipo en la University of Waterloo&hellip; <br \/> <a class=\"read-more\" href=\"https:\/\/ieeechile.cl\/dec1\/microgrids-research-overview-dr-claudio-canizares\/\">Leer m\u00e1s<\/a><\/p>\n","protected":false},"author":1,"featured_media":0,"parent":0,"menu_order":0,"comment_status":"closed","ping_status":"closed","template":"","meta":{"footnotes":""},"class_list":["post-60","page","type-page","status-publish","hentry"],"_links":{"self":[{"href":"https:\/\/ieeechile.cl\/dec1\/wp-json\/wp\/v2\/pages\/60","targetHints":{"allow":["GET"]}}],"collection":[{"href":"https:\/\/ieeechile.cl\/dec1\/wp-json\/wp\/v2\/pages"}],"about":[{"href":"https:\/\/ieeechile.cl\/dec1\/wp-json\/wp\/v2\/types\/page"}],"author":[{"embeddable":true,"href":"https:\/\/ieeechile.cl\/dec1\/wp-json\/wp\/v2\/users\/1"}],"replies":[{"embeddable":true,"href":"https:\/\/ieeechile.cl\/dec1\/wp-json\/wp\/v2\/comments?post=60"}],"version-history":[{"count":2,"href":"https:\/\/ieeechile.cl\/dec1\/wp-json\/wp\/v2\/pages\/60\/revisions"}],"predecessor-version":[{"id":63,"href":"https:\/\/ieeechile.cl\/dec1\/wp-json\/wp\/v2\/pages\/60\/revisions\/63"}],"wp:attachment":[{"href":"https:\/\/ieeechile.cl\/dec1\/wp-json\/wp\/v2\/media?parent=60"}],"curies":[{"name":"wp","href":"https:\/\/api.w.org\/{rel}","templated":true}]}}