{"id":388,"date":"2024-01-07T19:08:49","date_gmt":"2024-01-07T19:08:49","guid":{"rendered":"https:\/\/ieeechile.cl\/dec0\/?page_id=388"},"modified":"2024-11-20T16:21:43","modified_gmt":"2024-11-20T16:21:43","slug":"premios","status":"publish","type":"page","link":"https:\/\/ieeechile.cl\/dec0\/premios\/","title":{"rendered":"Premios y Reconocimientos"},"content":{"rendered":"<table>\n<tr>\n<th><\/th>\n<th><\/th>\n<\/tr>\n<tr>\n<td>IEEE Region 9 Eminent Engineer Award<\/td>\n<td>Reconoce a integrantes de Secciones de Regi\u00f3n 9, que han contribuido de manera significativa al avance de campos en IEEE.<br \/><b>Plazo:<\/b> 20 de enero 2025.<br \/><b>Bases<\/b> <a href=\"https:\/\/ieeechile.cl\/dec0\/wp-content\/uploads\/2024\/11\/Ingeniero-Eminente-del-IEEE-Latinoamerica-Reglamento.pdf\" target=\"_blank\" rel=\"noopener\">ac\u00e1<\/a>.<br \/><b>Postulaciones<\/b> <a href=\"https:\/\/ieee.secure-platform.com\/a\/page\/major_board_awards\/mga-awards\/region9_awards\" target=\"_blank\" rel=\"noopener\">ac\u00e1<\/a>.<\/td>\n<\/tr>\n<tr>\n<td>IEEE Region 9 \u00abOscar C Fern\u00e1ndez\u00bb Outstanding Volunteer Award<\/td>\n<td>Reconoce a voluntarios de Regi\u00f3n 9, que han tenido un desempe\u00f1o significativo en su Secci\u00f3n dentro de Regi\u00f3n 9.<br \/><b>Plazo:<\/b> 20 de enero 2025.<br \/><b>Bases<\/b> <a href=\"https:\/\/ieeechile.cl\/dec0\/wp-content\/uploads\/2024\/11\/Voluntario-Sobresaliente-Oscar-Fernandez-Reglamento.pdf\" target=\"_blank\" rel=\"noopener\">ac\u00e1<\/a>.<br \/><b>Postulaciones<\/b> <a href=\"https:\/\/ieee.secure-platform.com\/a\/page\/major_board_awards\/mga-awards\/region9_awards\" target=\"_blank\" rel=\"noopener\">ac\u00e1<\/a>.<\/td>\n<\/tr>\n<tr>\n<td>IEEE Region 9 Outstanding Student and Young Professional Activities Supporter Award<\/td>\n<td>Reconoce a integrante por su contribuci\u00f3n a actividades de Young Professionals y\/o actividades estudiantiles en IEEE Regi\u00f3n 9.<br \/><b>Plazo:<\/b> 20 de enero 2025.<br \/><b>Bases<\/b> <a href=\"https:\/\/ieeechile.cl\/dec0\/wp-content\/uploads\/2024\/11\/Premio-Voluntario-Destacado-por-su-Apoyo-a-Actividades-SYP-Reglamento.pdf\" target=\"_blank\" rel=\"noopener\">ac\u00e1<\/a>.<br \/><b>Postulaciones<\/b> <a href=\"https:\/\/ieee.secure-platform.com\/a\/page\/major_board_awards\/mga-awards\/region9_awards\" target=\"_blank\" rel=\"noopener\">ac\u00e1<\/a>.<\/td>\n<\/tr>\n<tr>\n<td> IEEE Region 9 Outstanding Section Award<\/td>\n<td>Reconoce a la Secci\u00f3n que destaca exitosamente en el cumplimiento de sus objetivos de acuerdo a los procedimientos de IEEE a trav\u00e9s de la organizaci\u00f3n de actividades t\u00e9cnicas, profesionales y geogr\u00e1ficas para el beneficio de sus miembros, apoyando a Cap\u00edtulos y Ramas Estudiantiles, Cap\u00edtulos de Sociedades y Grupos de Afinidad dentro de sus l\u00edmites geogr\u00e1ficos.<br \/><b>Plazo:<\/b> 19 de febrero 2025.<br \/><b>Bases<\/b> <a href=\"https:\/\/ieeechile.cl\/dec0\/wp-content\/uploads\/2024\/11\/Outstanding-Section-Award-Procedure-1.pdf\" target=\"_blank\" rel=\"noopener\">ac\u00e1<\/a>.<br \/><b>Postulaciones<\/b> <a href=\"https:\/\/ieee.secure-platform.com\/a\/page\/major_board_awards\/mga-awards\/region9_awards\" target=\"_blank\" rel=\"noopener\">ac\u00e1<\/a>.<\/td>\n<\/tr>\n<tr>\n<td> IEEE Region 9 Best Achievement of the Year Award<\/td>\n<td>Ofrecido a la Secci\u00f3n que en la visi\u00f3n del Comit\u00e9 Regional de Regi\u00f3n 9, ha llevado actividades relevantes en el a\u00f1o anterior a la Reuni\u00f3n Regional, identificando que merece reconocimiento seg\u00fan la aplicaci\u00f3n de criterios de evaluaci\u00f3n.<br \/><b>Plazo:<\/b> 19 de febrero 2025.<br \/><b>Bases<\/b> <a href=\"https:\/\/ieeechile.cl\/dec0\/wp-content\/uploads\/2024\/11\/mejor_logro_reglamento-1.pdf\" target=\"_blank\" rel=\"noopener\">ac\u00e1<\/a>.<br \/><b>Postulaciones<\/b> <a href=\"https:\/\/ieee.secure-platform.com\/a\/page\/major_board_awards\/mga-awards\/region9_awards\" target=\"_blank\" rel=\"noopener\">ac\u00e1<\/a>.<\/td>\n<\/tr>\n<\/table>\n","protected":false},"excerpt":{"rendered":"<p>IEEE Region 9 Eminent Engineer Award Reconoce a integrantes de Secciones de Regi\u00f3n 9, que han contribuido de manera significativa al avance de campos en IEEE.Plazo: 20 de enero 2025.Bases ac\u00e1.Postulaciones ac\u00e1. IEEE Region 9 \u00abOscar C Fern\u00e1ndez\u00bb Outstanding Volunteer Award Reconoce a voluntarios de Regi\u00f3n 9, que han tenido un desempe\u00f1o significativo en su&hellip; <br \/> <a class=\"read-more\" href=\"https:\/\/ieeechile.cl\/dec0\/premios\/\">Leer m\u00e1s<\/a><\/p>\n","protected":false},"author":1,"featured_media":0,"parent":0,"menu_order":0,"comment_status":"closed","ping_status":"closed","template":"","meta":{"footnotes":""},"class_list":["post-388","page","type-page","status-publish","hentry"],"_links":{"self":[{"href":"https:\/\/ieeechile.cl\/dec0\/wp-json\/wp\/v2\/pages\/388","targetHints":{"allow":["GET"]}}],"collection":[{"href":"https:\/\/ieeechile.cl\/dec0\/wp-json\/wp\/v2\/pages"}],"about":[{"href":"https:\/\/ieeechile.cl\/dec0\/wp-json\/wp\/v2\/types\/page"}],"author":[{"embeddable":true,"href":"https:\/\/ieeechile.cl\/dec0\/wp-json\/wp\/v2\/users\/1"}],"replies":[{"embeddable":true,"href":"https:\/\/ieeechile.cl\/dec0\/wp-json\/wp\/v2\/comments?post=388"}],"version-history":[{"count":11,"href":"https:\/\/ieeechile.cl\/dec0\/wp-json\/wp\/v2\/pages\/388\/revisions"}],"predecessor-version":[{"id":536,"href":"https:\/\/ieeechile.cl\/dec0\/wp-json\/wp\/v2\/pages\/388\/revisions\/536"}],"wp:attachment":[{"href":"https:\/\/ieeechile.cl\/dec0\/wp-json\/wp\/v2\/media?parent=388"}],"curies":[{"name":"wp","href":"https:\/\/api.w.org\/{rel}","templated":true}]}}